-6)*1*2/(-6). What is the hundreds digit of (157 - 3) + (-3 - a/1)?
1
Let z = -739 + -380. What is the units digit of z/(-21) - (-2)/(-7)?
3
Let j(w) = -6*w - 17. Let v be j(-4). Suppose b + 162 = v*b. What is the tens digit of b?
2
Suppose -106*j + 115*j - 17514 = 0. What is the units digit of j?
6
Suppose -3*b - 4*i = -13, 4 = -b + 4*b - 5*i. Suppose -b*z + 4*z - 13 = 0. What is the units digit of z?
3
Suppose -920 = -2*b + 18. What is the tens digit of b?
6
Let o(i) = 41*i**3 + i - 1. Let g be o(1). Suppose 3*m + 8 = g. What is the tens digit of m?
1
Let a be -10*1*3/(-6). Suppose -4*h = -21 + a. Suppose 4*q = -3*t + 320 - 36, 288 = h*q + 4*t. What is the units digit of q?
8
Suppose -2*l = -5*l - 135. Let f be 5*-1*27/l. Suppose 4*z = 3*z + f*v + 32, 0 = -3*z + v + 56. What is the units digit of z?
7
Let s(n) = 3 - 3*n + 3*n**2 + 1 - 4*n**2 + n**3. What is the units digit of s(2)?
2
Suppose 0 = 4*a + 3*u - 9041, 4*a + 22*u - 9020 = 26*u. What is the tens digit of a?
5
Suppose -2*s + 14 = 3*u - 4*s, 3*s = 2*u - 11. Suppose 2*x = 2*c - 24 - 44, 3*c - 5*x = 110. Suppose c = -v + u*v. What is the units digit of v?
0
Suppose 21 = 3*x - 1779. Suppose x = -13*i + 17*i. What is the units digit of i?
0
Suppose -6*r + 846 = -4632. What is the hundreds digit of r?
9
Let w be (-2)/(2 + (-40)/18). Suppose -w = -4*j - 1. Suppose j*b + 17 - 89 = 4*n, -2*n = -5*b + 156. What is the tens digit of b?
3
Suppose -2*x = -4*y + 2696, -3*x - 874 = -3*y + 1148. What is the tens digit of y?
7
What is the tens digit of (54/63 - (-8030)/7) + 2?
5
Suppose 0 = -x - h + 8, -4*x + 28 = -3*x + 5*h. Suppose 43 = -0*b - 2*b - x*q, -5*q = -4*b - 31. Let z = b - -40. What is the tens digit of z?
2
Let x = 12 - -1. Let d = x - 14. What is the tens digit of d + (3 - (-22)/1)?
2
Suppose 117*g - 7720 = 107*g. What is the units digit of g?
2
Let j(w) be the second derivative of w**5/20 + 5*w**4/12 - 5*w**3/6 + 15*w**2/2 - 38*w. What is the units digit of j(-6)?
9
Suppose -1634 - 2926 = -5*o. What is the hundreds digit of o?
9
Suppose -3*j = 5*p - 5537, -8*p = -5*p + 3*j - 3321. What is the tens digit of p?
0
Suppose 5*m = 11*m - 1644. What is the hundreds digit of m?
2
What is the hundreds digit of (-795 - (-17 + -1))*(-5)/3?
2
Suppose 3*x = 3*l + 189, -1 + 11 = 2*l. Let k = 161 - x. What is the tens digit of k?
9
Let b(g) = -g**3 - 49*g**2 + 184*g + 92. What is the hundreds digit of b(-53)?
5
Suppose 3*k - 3*z - 105 = -k, -k = -5*z - 39. Let q = k + -20. Suppose -16 = -q*c, 71 = 5*b + 5*c - c. What is the tens digit of b?
1
Let j = 1 + -1. Let h be 4/12*3 - -11. Let y = h - j. What is the tens digit of y?
1
Let m(h) = -h**3 - 8*h**2 + 5. Let g be m(-8). Suppose -4*a = -b - 372, g*a - b - 3*b = 454. What is the units digit of a?
4
Let u = -363 - -534. Suppose 0 = -d - 16 + u. What is the tens digit of d?
5
Let o(f) = 25*f**3 + f**2 - f. Let k be o(1). Suppose 0 = d + 4*d + k. Let n(h) = 2*h**2 + 6*h + 5. What is the tens digit of n(d)?
2
What is the hundreds digit of 16/((-16)/25)*-120?
0
Let s(t) = 9*t**2 + 34*t - 43. What is the units digit of s(17)?
6
Let l(g) be the second derivative of g**4/12 + 2*g**3/3 + 3*g**2 + 36*g. Let q(s) = s**2 + 6*s + 1. Let b be q(-3). What is the tens digit of l(b)?
3
Suppose -165*u + 187*u - 14674 = 0. What is the tens digit of u?
6
What is the units digit of 364 + -1 - 5*(-14)/35?
5
Suppose 2*m - 2*k = -36, -15 = -0*m + 2*m + 5*k. Suppose -2*h - d - 103 = 158, 4*d = 2*h + 256. What is the units digit of (-1)/(-3) + h/m?
9
What is the units digit of ((-2064)/(-18))/(14/210)?
0
Suppose 0*m + 5*n - 77 = -4*m, 5*m + 4*n = 85. Let h = m - 11. What is the tens digit of (h/(-3))/(10/(-795))?
5
Suppose -5*l + 18 = -7. Suppose l = -3*j - 13. Let m(i) = i**3 + 7*i**2 + 2*i + 3. What is the units digit of m(j)?
7
What is the hundreds digit of ((-1092)/(-4))/(552/(-112) + 5)?
8
Let f(u) = 14*u**2 + 2*u + 1. Let m = -64 - -63. What is the tens digit of f(m)?
1
Suppose 4*k + 2*q = 5*q + 6, 5*q + 10 = 0. Suppose 2*j + 0*j - 4*w + 2 = k, 5*w - 2 = 3*j. What is the units digit of 56 + 1/j + 4?
1
Let k(m) = m - 4. Let n = 0 - -7. Suppose 0 = -4*i + n + 21. What is the units digit of k(i)?
3
Suppose 0 = -g + 3*l + 25, 0 = 4*g - 2*g - 4*l - 44. Let h = 28 - g. What is the units digit of h?
2
What is the units digit of (-3 - -4)/((-7)/(-4963))?
9
Suppose 2*h - 5*m + 12 = -m, 5*m = 2*h + 17. Suppose 2*a = h*g - 236, 5*a = -5*g + 160 + 165. What is the units digit of g?
1
What is the tens digit of ((-36)/4 - -7) + 885?
8
Let p = 125 - 84. Let z = 44 - p. What is the units digit of z?
3
Let g be 6/2 - (2 - 2). Let o(j) = -j**g + 5 - j**3 + j**2 + 0 + 5*j + j**2. What is the tens digit of o(-2)?
1
Suppose -1 = 4*h - 4*k - 17, k = 1. Let q be 44/3 - h/(-15). What is the units digit of (-411)/(-15) - (-9)/q?
8
What is the hundreds digit of 21/28 - 937/(-4) - 3?
2
What is the units digit of 7066/4 - 231/(-154)?
8
Let w = 935 + -391. Suppose 5*b - 9*b + w = 0. What is the hundreds digit of b?
1
What is the units digit of (2052/90)/((-18)/(-240))?
4
Suppose 0 = -b + 5*y + 13, 3*b + 0*b - 22 = -2*y. What is the units digit of b?
8
Let u be (-1)/5 - (-1)/5. Suppose u*s + s - 40 = 0. Suppose -10 = -2*m + s. What is the units digit of m?
5
Let y = -56 - -62. Let j = y + 108. What is the units digit of j?
4
Let a be (3 - 0)/(-21) + (-22)/(-7). Suppose -a*u - 18 = -4*u. What is the units digit of u?
8
Let i = 84 + -82. Suppose i*v - 179 + 25 = 0. What is the tens digit of v?
7
Suppose -3*w + 460 = 2*p, 2*p = -3*p + 4*w + 1127. Suppose 4*s - s + x = p, x = 5*s - 365. What is the units digit of s?
4
Let v(s) = -s**2 + 6. Let x be v(2). What is the tens digit of 3252/72 + x/(-12)?
4
Let n(g) = 3*g + 3*g - 1 + 3. Let y be 891/189 - (-4)/14. What is the tens digit of n(y)?
3
Suppose 4*x - 11 = i, 2*i = 7*i - 3*x + 21. Let g(v) be the first derivative of -v**2 + 2*v + 8. What is the units digit of g(i)?
8
Let x be 276/(-66) + (-2)/(-11). Let v be ((-3)/x)/(1/4). Suppose q - 4 = -r, 0 = -v*r - 5*q + 10 + 8. What is the units digit of r?
1
Suppose 0 = -8*q + 75 + 4797. What is the units digit of q?
9
Suppose -b + 9*b = -328. Let m = 113 + b. What is the units digit of m?
2
Let s = 457 + -264. What is the hundreds digit of s?
1
Let i(n) = -5*n**2 - 8*n - 17. Let c(z) = 14*z**2 + 23*z + 50. Let q(s) = -6*c(s) - 17*i(s). Let h be q(5). Let r = h - -3. What is the units digit of r?
7
Let a = -40 + 43. Suppose 0*p - p = 3*h - 8, -9 = a*h. What is the tens digit of p?
1
Let x(p) = p**2 - 7*p - 46. What is the hundreds digit of x(-38)?
6
Let f(a) = 40*a. Let z be f(-1). Let k = z - -16. Let n = 31 + k. What is the units digit of n?
7
Let o(d) = 152*d**2 - 13*d - 16. What is the hundreds digit of o(-3)?
3
Suppose 4*p - 3*a = 18, p + 38 = 6*p + 4*a. Let q be 40/15*p/4. Suppose -5*b + 57 = n, 5*n = -7*b + q*b + 285. What is the units digit of n?
7
Let r(o) = o**3 - 14*o**2 + o - 16. Let k be r(14). What is the units digit of (-2135)/(-15) + k/(-3)?
3
What is the units digit of -4*(5061/(-28) + 1)?
9
Let i(b) = b**2 + 5*b - 6. Let h be (-12)/(-10)*40/(-8). Let u be i(h). Suppose -2*o = s - 6 - 30, -5*o + s + 90 = u. What is the tens digit of o?
1
Suppose d - s = s - 6, 5*d - 3*s = -44. Let f = d - -11. Let r(m) = 26*m - 2. What is the units digit of r(f)?
4
Suppose 0 = -5*l - 4*g + 4480, -66*l = -62*l - 5*g - 3584. What is the tens digit of l?
9
Let o = 3168 - 848. What is the units digit of o?
0
Let q(f) = 2*f + 12. Let z be q(-12). What is the units digit of 57/z*-2*6?
7
Let y(d) = 5*d**3 + 3*d**2 + 3*d + 2. Let o be y(-2). Suppose k + 88 = -4*b, 0 = -6*b + 3*b + 2*k - 66. Let i = b - o. What is the tens digit of i?
1
Let x be -5 + 3 + (4 - 4)/1. What is the units digit of -7 + 4 - (-175 + x/(-2))?
1
Suppose 9*z = 6*z + 9. Let m be (4/(-1))/(-4)*z. Suppose -5*o - m*g = -3*o - 97, -4*g = o - 36. What is the tens digit of o?
5
Let w(c) = -11*c**3 - c**2 - 14*c + 1. What is the hundreds digit of w(-5)?
4
Suppose 4*x = -q - 7 - 4, 1 = q + x. Suppose 0 = 3*t - 15, 0 = -q*j + 2*j + 2*t - 4441. What is the tens digit of j/(-21) - 2/6?
7
Let h = -3 + 8. Suppose 5 = h*c, 0*c - 65 = -3*a + c. What is the units digit of a?
2
Let w(b) = 31*b**2 - 11*b + 9. What is the tens digit of w(6)?
5
Let p be (-57)